e units digit of s?
9
Let d(v) = -v**3 + 22*v**2 - 25*v + 88. Let t be d(21). Suppose 4*r - 3*j = 1506, 2*r + 2*j - t*j = 754. What is the tens digit of r?
7
Let u be 76 + 0/(1 - -1). Suppose 4*o = 2*g + u, 4*g + 2*o + 226 = 24. What is the units digit of (g + -7)*-3*4/10?
6
Let f(t) = t**3 - 4*t**2 - 2*t + 10. Let i be f(4). Suppose 4*w - 984 = -4*h, -5*w - 31 - 433 = -i*h. What is the units digit of h?
2
Let d(a) = -3*a**3 - 246*a**2 - 217*a - 97. What is the units digit of d(-82)?
7
Suppose -28*j + 50*j - 135413 = 3*j. What is the units digit of j?
7
Let k(b) be the second derivative of b**7/840 - 3*b**5/10 - 19*b**4/12 + 5*b. Let h(a) be the third derivative of k(a). What is the tens digit of h(7)?
1
Suppose 64*j = -4*j + 346392. What is the hundreds digit of j?
0
Let w(o) be the third derivative of -37*o**4/24 - 7*o**3/6 - 73*o**2. What is the units digit of w(-11)?
0
Suppose -33*b = 2698 - 12334. Let k = 409 - b. What is the units digit of k?
7
Let l be 4/(-8)*(1 - -2 - -3). Let z be (2/l)/((-4)/12). Suppose 5*a - z*a = 4*k + 160, 5*a - 284 = -2*k. What is the tens digit of a?
5
Suppose 5*o = 5*q + 1290, o - 3*o + 5*q + 510 = 0. Let p = o - 16. What is the hundreds digit of p?
2
Suppose w - 4*l - 28 = 0, -w + 3*l - 1 = -26. Suppose 11*z = -w*z + 45765. What is the tens digit of z?
9
Suppose 7 = -v + 6. What is the hundreds digit of (-29 + v)/5*115/(-5)?
1
What is the thousands digit of (16/(-3)*404859/(-182))/2?
5
Suppose -2*y - 3 + 15 = 0. Let w = 127 - 217. What is the tens digit of (y/(-5))/(3/w)?
3
Let o = -20790 - -94311. What is the units digit of o?
1
What is the thousands digit of -28011*((-27)/54)/((-6)/(-4))?
9
Suppose c = -c + 5*r + 20, 3*r - 9 = -3*c. Let w be (-23 - -18)*(-764)/5. Suppose -w = u - c*u. What is the tens digit of u?
9
What is the ten thousands digit of (3/(-6)*2)/(-10 + (-4586771)/(-458679))?
2
Suppose 4*j = 9*j - 10. Suppose 3*q - 14 = -j. Suppose -5*c = -20, 4*y + q*c - 376 = 3*c. What is the units digit of y?
3
What is the tens digit of (10480/(-60) + 24)/(1/(-528))?
5
Let d = 52 - 31. Suppose -d*w - 240 = -23*w. What is the units digit of (w/70)/((-4)/(-98))?
2
Suppose 0 = -3*i + 3*a + 12, -4*i + 5*i = 2*a - 1. Suppose 3*f + 5*z = 3*z + 75, -i = -3*z. Suppose -f*r + 366 = -17*r. What is the units digit of r?
1
Suppose q - 3*u - 3 = 4, 3*q = 4*u + 16. Suppose s - 4 = 0, t - q*s - 101 = 51. Suppose -186 - t = -2*z. What is the tens digit of z?
7
Let f(v) = 4037*v + 223. What is the tens digit of f(1)?
6
Let f be 3863/4 - 20/(-80). Suppose 0 = 11*p - 5*p - f. What is the tens digit of p?
6
Let m(n) = 9*n**3 + n**2 - 11*n + 8. Let o(c) = -c**3 + 2*c**2 - 1. Let p(i) = m(i) + 4*o(i). What is the units digit of p(4)?
4
Let d = 25 + -58. Let x = d - -38. Suppose -x*w + 7 = -148. What is the units digit of w?
1
Let x(t) = -42*t + 6. Suppose -3*a - 15 = 2*j, 0*a + 3 = 2*a - 3*j. Let n be x(a). Suppose -3*k + 60 = -n. What is the tens digit of k?
6
Let m = 419 - 414. Suppose 2 = m*g + 17, 2*v - 253 = 5*g. What is the units digit of v?
9
Suppose -5*l - 200 = -5*x, 71 = 5*l - x + 263. Let m be 4/12*l*-6. Suppose 0 = -a - k + 72, a - m = -0*a - 3*k. What is the units digit of a?
0
What is the tens digit of 122 - (-21 - (-17 + 7))?
3
Let y(t) = t**3 + 7*t**2 - 5*t. Suppose 0 = 4*r - 4*z + 144, -3*z = 4*r - 0*z + 158. Let q be 17/51 - r/(-6). What is the units digit of y(q)?
6
Suppose 0 = 4*y - 2*j - 1512, j - 1883 = -2*y - 3*y. Let g = y - 168. What is the hundreds digit of g?
2
What is the thousands digit of (-50 + 1)*(-791 - (38 - 47))?
8
Let i = 216 + -220. What is the hundreds digit of 171 + (3/(-6))/((-1)/i)?
1
Let u = 40639 - 23845. What is the tens digit of u?
9
Let i be (2 + 22/4)*30/25. Suppose i*t = 5*t + 228. Suppose 0 = 2*h - s + 6*s - 153, t = h - 4*s. What is the units digit of h?
9
Let v(b) = -9*b**3 + 5*b**2 - 83*b - 256. What is the units digit of v(-18)?
6
Let n(t) = 4*t - 6*t + 5*t + 5*t - 4. Let b be n(1). Suppose -16 = -v - b. What is the tens digit of v?
1
Let g(x) = 2*x - 5. Suppose 3 + 26 = 3*q - w, 0 = -w - 5. Let r be g(q). Let f(n) = 17*n - 24. What is the tens digit of f(r)?
6
Let j be (3849/(-5))/(-3) - 9/15. Suppose 768 = -254*y + j*y. What is the units digit of y?
4
Let r be (8/5)/(8/50). Suppose r*k = 19*k - 5778. What is the hundreds digit of k?
6
Suppose -c = -2*m - 276, -4*c = -2*m - 3*m - 690. Let h = 247 + m. Let s = -67 + h. What is the tens digit of s?
4
Let y(b) = 6*b - 13. Let v be y(6). Let u = 9 - v. What is the units digit of (-746)/(-30) + u/(-105)?
5
Suppose 278 = -3*u - 52. Let k be (-3 - -4)/(2/4) - u. Let t = k + -77. What is the tens digit of t?
3
Suppose 1803 = -7*s + 6367. Suppose 30*l = 33*l - o - 489, -3*o - s = -4*l. What is the units digit of l?
3
Suppose f - 643 = -5*z, -3*z - f - 3*f = -396. Suppose -10*j - z = -14*j. Let x = 72 - j. What is the units digit of x?
0
Suppose -77*j + 168560 = -49*j. What is the units digit of j?
0
Let d = -209 + 186. Let t(w) = -w**2 - 29*w + 78. What is the units digit of t(d)?
6
Let u be -2 - ((2 - 0)/2 + 5). Let g(y) = 10*y**2 - 29*y - 26. What is the tens digit of g(u)?
4
Suppose -3*s - 13*k + 16*k = 15, -5*s = -2*k + 10. Suppose s = c - 5*q - 872, -2*c + 2522 = 5*q + 808. What is the hundreds digit of c?
8
Suppose -3*k - 1055 = -3*g - 68, 0 = -2*g - 5*k + 672. What is the units digit of g?
1
What is the thousands digit of (-1199973)/(-636)*(0 + (-8)/(-2))?
7
Suppose 0 = 4*z - 2570 - 2358. Let f = -739 + z. What is the units digit of f?
3
Let t(h) = h**3 + 10*h**2 + 9*h + 9. Let q be (-207)/(-6)*8/12. Suppose -6*b - 25 = q. What is the tens digit of t(b)?
6
What is the hundreds digit of 145306/6 - ((-3)/(-36))/((-114)/1824)?
2
Suppose -4474*o = -4468*o - 8076. What is the hundreds digit of o?
3
Let p(j) = 10*j**2 + 110*j - 1576. What is the thousands digit of p(85)?
0
Suppose q - 28*t + 24*t = 6396, 0 = -2*q - 5*t + 12779. What is the tens digit of q?
9
Let w = -19 - -52. Let y = w + -33. Suppose y = -10*s + s + 1152. What is the hundreds digit of s?
1
Suppose 0 = -3*r + 49 + 41. Let i = r + -30. Suppose 4*j + 5*l + 12 = i, -3*l - 3 = -5*j + 19. What is the units digit of j?
2
What is the units digit of 6811 - (90/9 - -1)?
0
Suppose 1563353 + 1416799 = 108*d. What is the thousands digit of d?
7
Let q = 1226 - -482. What is the tens digit of (-16)/(-6)*(q/16 + 5)?
9
Let b(j) = j**2 - 2*j - 3. Suppose 8 = 4*o - 2*y, -9 = -4*y + 7. Let c be b(o). What is the units digit of (-4)/c*(-510)/6?
8
Let t = -1411 - -30769. What is the ten thousands digit of t?
2
Let a be 2/(32/(-144)*(-1)/4). What is the hundreds digit of (a/90)/((-751)/(-250) + -3)?
1
Suppose 36 = -54*x + 48*x. What is the tens digit of 1032/3*(-3)/x?
7
Suppose -2*g = 14, 0 = -2*c + g + 13698 + 9765. What is the thousands digit of c?
1
Suppose c = 4*y - 2470, -2*c = 2*y + y - 1858. Suppose -4*g + 4*j = -2008, -2*j + y - 104 = g. What is the units digit of g?
6
Suppose 3714*d = 3752*d - 1645552. What is the thousands digit of d?
3
Let a(q) = 518*q**3 + 76*q**2 - 74*q**2 + 1 + 648*q**3 - 2*q + q. What is the thousands digit of a(1)?
1
Let m(f) = -88*f - 19. Let s be m(11). Let o = 1403 + s. Suppose 8*i = -0*i + o. What is the units digit of i?
2
Suppose 0 = 19*u - 923635 + 122937. What is the units digit of u?
2
Suppose -q - 7*q + 464 = 0. Let p = q - 52. What is the units digit of (-182)/4*(24/p - 6)?
1
Let t be (-812)/(1 - (-1 - -3)). Suppose 3*u - y + 0*y - t = 0, -2*y = -4*u + 1084. Suppose 5*w - 452 = 2*s + s, -3*s = -3*w + u. What is the tens digit of w?
9
Let n(m) = 1188*m**2 - 134*m - 535. What is the thousands digit of n(-4)?
9
Suppose 0 = -119*g + 128*g - 4491. Let n = 913 - g. What is the units digit of n?
4
What is the ten thousands digit of 12942 - (136/17 - 18)?
1
Suppose -24 = 3*f, -131*a + 126*a - 3*f = -320861. What is the units digit of a?
7
Let c(o) = 1060*o - 1057. What is the tens digit of c(13)?
2
Let y be 7775/(-20) - (-6)/(-21 + -3). Let f = 484 + y. What is the tens digit of f?
9
Suppose -2*x - f - 133 = -3*x, 5*x - f = 685. Suppose 146*d - 280 = x*d. What is the tens digit of d?
3
Suppose 5*s = -l + 23, -3*l + s + s + 35 = 0. What is the units digit of (l - (7 + 0))*(-6)/(-2)?
8
What is the thousands digit of ((-47)/((-235)/15))/((-36782)/(-18